{"id":2079,"date":"2024-11-25T18:53:27","date_gmt":"2024-11-25T16:53:27","guid":{"rendered":"http:\/\/www.vekery.fi\/?page_id=2079"},"modified":"2026-03-23T15:56:27","modified_gmt":"2026-03-23T13:56:27","slug":"hallitukset","status":"publish","type":"page","link":"https:\/\/www.vekery.fi\/?page_id=2079","title":{"rendered":"Kaikki hallitukset"},"content":{"rendered":"\t\t<div data-elementor-type=\"wp-page\" data-elementor-id=\"2079\" class=\"elementor elementor-2079\">\n\t\t\t\t\t\t<section class=\"elementor-section elementor-top-section elementor-element elementor-element-42cb40f1 elementor-section-boxed elementor-section-height-default elementor-section-height-default\" data-id=\"42cb40f1\" data-element_type=\"section\" data-e-type=\"section\">\n\t\t\t\t\t\t<div class=\"elementor-container elementor-column-gap-default\">\n\t\t\t\t\t<div class=\"elementor-column elementor-col-100 elementor-top-column elementor-element elementor-element-97be663\" data-id=\"97be663\" data-element_type=\"column\" data-e-type=\"column\">\n\t\t\t<div class=\"elementor-widget-wrap elementor-element-populated\">\n\t\t\t\t\t\t<div class=\"elementor-element elementor-element-14c555bc elementor-widget elementor-widget-text-editor\" data-id=\"14c555bc\" data-element_type=\"widget\" data-e-type=\"widget\" data-widget_type=\"text-editor.default\">\n\t\t\t\t<div class=\"elementor-widget-container\">\n\t\t\t\t\t\t\t\t\t\n<h2 class=\"wp-block-heading\">2026<\/h2>\n<p><strong>Puheenjohtaja: Sara Pet\u00e4j\u00e4niemi\u00a0<\/strong><\/p>\n<p><strong>Varapuheenjohtaja: Anni Pohjanen\u00a0<\/strong><\/p>\n<p><strong>Sihteeri: Riku Mansukoski\u00a0<\/strong><\/p>\n<p><strong>Taloudenhoitaja: Maria Tuominen\u00a0<\/strong><\/p>\n<p><strong>Tiedottaja: Eevi Kolmonen\u00a0<\/strong><\/p>\n<p><strong>Tilavastaava: Konsta Huovinen\u00a0<\/strong><\/p>\n<p>\u00a0<\/p>\n<p><strong>Tapahtumavastaavat: Inka Ryyli ja Viola Partanen\u00a0<\/strong><\/p>\n<p><strong>Fuksikapteeni: Oliver Meloni\u00a0<\/strong><\/p>\n<p><strong>Fuksijaosto: Isabel Sullivan, Aamu J\u00e4\u00e4skel\u00e4inen, Saana Kuusinen, Julius L\u00e5ngbacka\u00a0<\/strong><\/p>\n<p><strong>Somevastaavat: Iiris Repponen ja Sanni Kujanen\u00a0<\/strong><\/p>\n<p><strong>Yrityssuhdevastaava: Konsta Huovinen\u00a0<\/strong><\/p>\n<p><strong>Excuvastaava: Hilda Lindfors\u00a0<\/strong><\/p>\n<p><strong>Kulttuuri- ja urheiluvastaava: Julius L\u00e5ngbacka\u00a0<\/strong><\/p>\n<p><strong>Opintovastaava: Kaisa Andersson\u00a0<\/strong><\/p>\n<p><strong>Ymp\u00e4rist\u00f6vastaava: Kaisa Andersson\u00a0<\/strong><\/p>\n<p><strong>Yhdenvertaisuusvastaava: Iiris Repponen\u00a0<\/strong><\/p>\n<p><strong>Hankintavastaavat: Benjamin Sepp\u00e4l\u00e4inen ja Leevi Polttila\u00a0<\/strong><\/p>\n<p><strong>Tapahtumatiimi: Iiris Repponen, Saanan Kuusinen, Aamu j\u00e4\u00e4skel\u00e4inen, Sanni Kujanen, Isabel Sullivan, Hilda Lindfors, Aada Innil\u00e4\u00a0<\/strong><\/p>\n<p><strong>Alumnivastaava: Reetta Nieminen\u00a0<\/strong><\/p>\n<p><strong>Verkkosivuvastaava: Kristiina Ala-P\u00f6nti\u00f6<\/strong><\/p>\n<p><strong>Kiljukeiju: Riku Mansukoski\u00a0<\/strong><\/p>\n<p>\u00a0<\/p>\n<p><strong>Toiminnantarkastaja: Joel Nokkala\u00a0<\/strong><\/p>\n<p><strong>Varatoiminnantarkastaja: Kalle K\u00e4\u00e4ri\u00e4inen<\/strong><\/p>\n<p>\u00a0<\/p>\n<p>\u00a0<\/p>\n\n<h2 class=\"wp-block-heading\">2025<\/h2>\n\n<p>Puheenjohtaja: Riku Mansukoski<br \/>Varapuheenjohtaja: Elina Altti<br \/>Sihteeri: Laura Kuusisto<br \/>Taloudenhoitaja: Kristiina Ala-P\u00f6nti\u00f6<br \/>Tiedottaja: Kaisa Andersson<br \/><br \/>Tapahtumavastaava: Georg N\u00e4rj\u00e4<br \/>Fuksi- ja somevastaavat: Sara Pet\u00e4j\u00e4niemi, Anni Pohjanen<br \/>Tila- ja yhdenvertaisuusvastaava: Maria Tuominen<br \/>Ymp\u00e4rist\u00f6vastaava: Kaisa Andersson<br \/>Yrityssuhdevastaava: Konsta Huovinen<br \/>Kulttuuri- ja urheiluvastaavat: Venla Lehtinen, Reetta Nieminen<br \/>EKM-maisteriopintovastaava: Joel Hell\u00e9n<br \/>Toimihenkil\u00f6: Mirva Vuorema<br \/><br \/>Toiminnantarkastaja: Aaro Lassila<br \/>Varatoiminnantarkastaja: Aino Ollila<br \/><br \/><br \/><\/p>\n\n<h2 class=\"wp-block-heading\">2024<\/h2>\n\n<p>Puheenjohtaja: Kaisa Andersson<br \/>Varapuheenjohtaja: Riku Mansukoski<br \/>Sihteeri: Konsta Huovinen<br \/>Taloudenhoitaja: Aaro Lassila<br \/>Tiedottaja: Kristiina Ala-P\u00f6nti\u00f6<br \/><br \/>Tapahtumavastaava: Elina Altti<br \/>Somevastaava: Laura Kuusisto<br \/>Fuksi- ja tilavastaava: Maria Tuominen<br \/>Yritysyhteisty\u00f6vastaava: Susanna Le<br \/>Excuvastaava: Aino Ollila<br \/>Ymp\u00e4rist\u00f6- ja yhdenvertaisuusvastaava: Vilma Hannukainen<br \/>EKM-maisteriopintovastaava: Aaro Lassila<br \/><br \/>Toiminnantarkastaja: Iina Markkanen<br \/>Varatoiminnantarkastaja: Kristiina Heikonen<br \/><br \/><br \/><\/p>\n\n<h2 class=\"wp-block-heading\">2023<\/h2>\n\n<p>Puheenjohtaja: Iina Markkanen<br \/>Varapuheenjohtaja: Aaro Lassila<br \/>Sihteeri: Kaisa Andersson<br \/>Taloudenhoitaja: Riku Mansukoski<br \/>Tiedottaja: Kristiina Heikonen<br \/><br \/>Yritysyhteisty\u00f6- ja excuvastaava: Susanna Le<br \/>Fuksivastaava: Reetta Nieminen<br \/>Ymp\u00e4rist\u00f6- ja yhdenvertaisuusvastaava: Aino Ollila<br \/>Urheiluvastaava: Aurora Haveri<br \/>Toimihenkil\u00f6t: Kristiina Ala-P\u00f6nti\u00f6, Vilma Hannukainen, Katariina Pekuri, Sini Sipponen, Kira Selvenius<br \/><br \/>Toiminnantarkastaja: Olivia Krekula<br \/>Varatoiminnantarkastaja: Emma Penttinen<br \/><br \/><br \/><\/p>\n\n<h2 class=\"wp-block-heading\">2022<\/h2>\n\n<p>Puheenjohtaja: Emma Penttinen<br \/>Varapuheenjohtaja: Olivia Krekula<br \/>Sihteeri: Joel Hell\u00e9n<br \/>Taloudenhoitaja: Veera Rantanen<br \/>Tiedottaja: Aaro Lassila<br \/><br \/>Tapahtumavastaavat: Katariina Pekuri, Elina Hotakainen<br \/>Fuksi- ja yhdenvertaisuusvastaava: Sini Sipponen<br \/>Yritysyhteisty\u00f6- ja excuvastaava: Kira Selvenius<br \/>Urheiluvastaava: Vilma Hannukainen<br \/>EKM-maisteriopintovastaava: Kalle Lindeman<br \/>Ymp\u00e4rist\u00f6vastaava: Eero Anttila<br \/>Kulttuurivastaava: Iina Markkanen<br \/>Laivakokki: Elli-Noora Jalonen<br \/>Toimihenkil\u00f6t: Aino Ollila, Annika Armanto, Oskari Alatupa, Camilla Hongell, Jannika Kiiski, Annamari Kurkinen<br \/><br \/>Toiminnantarkastaja: Wilma Kemppainen<br \/>Varatoiminnantarkastaja: Linnea Lahti<br \/><br \/><br \/><\/p>\n\n<h2 class=\"wp-block-heading\">2021<\/h2>\n\n<p>Puheenjohtaja: Linnea Lahti<br \/>Varapuheenjohtaja: Wilma Kemppainen<br \/>Sihteeri: Iina Markkanen<br \/>Taloudenhoitaja: Catarina Korpela<br \/><br \/>Viestint\u00e4vastaava: Emma Penttinen<br \/>Tapahtumavastaavat: Jannika Kiiski, Sanni Piispanen, Senni Ven\u00e4l\u00e4inen<br \/>Yritysyhteisty\u00f6- ja excuvastaava: Linnea Henttunen<br \/>Fuksivastaava: Vera Nyblin<br \/>Opintovastaava: Kalle Lindeman<br \/>Ymp\u00e4rist\u00f6- ja yhdenvertaisuusvastaava: Annamari Kurkinen<br \/><br \/>Toiminnantarkastaja: Petra Hautala<br \/>Varatoiminnantarkastaja: Elsa Norola<br \/><br \/><br \/><\/p>\n\n<h2 class=\"wp-block-heading\">2020<\/h2>\n\n<p>Puheenjohtaja: Elsa Norola<br \/>Varapuheenjohtaja: Petra Hautala<br \/>Sihteeri: Linda Lukkala<br \/>Taloudenhoitaja: Katariina Kuusisto<br \/><br \/>Tiedottaja: Linnea Lahti<br \/>Tapahtumavastaavat: Catarina Korpela, Neea Mansikkam\u00e4ki<br \/>Yritysyhteisty\u00f6- ja excuvastaava: Siiri R\u00e4is\u00e4nen<br \/>Urheiluvastaava: Wilma Kemppainen<br \/>Fuksi- ja opintovastaava: Iina Markkanen<br \/>Ymp\u00e4rist\u00f6vastaava: Sofia Sohlberg<br \/>Yhdenvertaisuusvastaava: Alisa Tolvanen<br \/>Toimihenkil\u00f6t: Katariina Kemppainen, Senni Ven\u00e4l\u00e4inen, Sanni Piispanen, Jannika Kiiski, Milla Siponen, Annamari Kurkinen, Suvi Martikainen, Linnea Henttunen<br \/><br \/>Toiminnantarkastaja: Silja Laakio<br \/>Varatoiminnantarkastaja: Joni Ylikorpi<br \/><br \/><br \/><\/p>\n\n<h2 class=\"wp-block-heading\">2019<\/h2>\n\n<p>Puheenjohtaja: Silja Laakio<br \/>Varapuheenjohtaja: Anna Bl\u00e4ssar<br \/>Sihteeri: Nelli Mikkonen<br \/>Taloudenhoitaja: Joni Ylikorpi<br \/><br \/>Tiedottaja: Elsa Norola<br \/>Tapahtumavastaavat: Petra Hautala, Linda Lukkala<br \/>Yhteisty\u00f6- ja excuvastaava: Siiri R\u00e4is\u00e4nen<br \/>Urheiluvastaavat: Alina Katunp\u00e4\u00e4, Jenni Katajarinne<br \/>Fuksivastaava: Sofia Sohlberg<br \/>Keitti\u00f6mestari: Orhan \u00d6zg\u00fcr<br \/>Laivakokki: Oscar Gr\u00e4sbeck<br \/>Kulttuurivastaavat: Kia Tuominen, Hanna Mikkonen<br \/>Tapahtumatoimihenkil\u00f6t: Katariina Kuusisto, Vilma Turkki, Eve Jokinen, Iida Alasentie, Ida Lindqvist<br \/>Vanhempi p\u00f6yt\u00e4kirjantarkastaja: Joel Jokinen<br \/>Nuorempi p\u00f6yt\u00e4kirjantarkastaja: Juho Syv\u00e4niemi<br \/><br \/>Toiminnantarkastaja: Merve Tek<br \/>Varatoiminnantarkastaja: Leevi Ruskela<br \/><br \/><br \/><\/p>\n\n<h2 class=\"wp-block-heading\">2018<\/h2>\n\n<p>Puheenjohtaja: Oscar Gr\u00e4sbeck<br \/>Varapuheenjohtaja: Joel Jokinen<br \/>Sihteeri: Iida Alasentie<br \/>Taloudenhoitaja: Joni Ylikorpi<br \/><br \/>PR- ja viestint\u00e4tiimi: Silja Laakio ja Merve Tek<br \/>Opinto- ja yhteisty\u00f6vastaava: Veera Kyher\u00f6inen<br \/>Ainej\u00e4rjest\u00f6- ja yhteisty\u00f6vastaava: Ida Lindqvist<br \/>Tapahtumavastaavat: Jenni Katajarinne, Charlotta Mannila<br \/>P\u00f6yt\u00e4viinan tarkastaja: Olli Mustalahti<br \/>Urheiluvastaava: Alina Katunp\u00e4\u00e4<br \/>Kulttuurivastaava: Vilma Turkki<br \/>Art Director: Valtteri Soilampi<br \/>Toimihenkil\u00f6t: Juho Syv\u00e4niemi, Orhan \u00d6zg\u00fcr, Ville Aarnio, Riku-Pekka M\u00e4kinen, Leevi Ruskela<br \/><br \/><br \/><\/p>\n\t\t\t\t\t\t\t\t<\/div>\n\t\t\t\t<\/div>\n\t\t\t\t\t<\/div>\n\t\t<\/div>\n\t\t\t\t\t<\/div>\n\t\t<\/section>\n\t\t\t\t<\/div>\n\t\t","protected":false},"excerpt":{"rendered":"<p>2026 Puheenjohtaja: Sara Pet\u00e4j\u00e4niemi\u00a0 Varapuheenjohtaja: Anni Pohjanen\u00a0 Sihteeri: Riku Mansukoski\u00a0 Taloudenhoitaja: Maria Tuominen\u00a0 Tiedottaja: Eevi Kolmonen\u00a0 Tilavastaava: Konsta Huovinen\u00a0 \u00a0 Tapahtumavastaavat: Inka Ryyli ja Viola Partanen\u00a0 Fuksikapteeni: Oliver Meloni\u00a0 Fuksijaosto: Isabel Sullivan, Aamu J\u00e4\u00e4skel\u00e4inen, Saana Kuusinen, Julius L\u00e5ngbacka\u00a0 Somevastaavat: Iiris Repponen ja Sanni Kujanen\u00a0 Yrityssuhdevastaava: Konsta Huovinen\u00a0 Excuvastaava: Hilda Lindfors\u00a0 Kulttuuri- ja urheiluvastaava: Julius L\u00e5ngbacka\u00a0 [&hellip;]<\/p>\n","protected":false},"author":1,"featured_media":0,"parent":0,"menu_order":0,"comment_status":"closed","ping_status":"closed","template":"","meta":{"site-sidebar-layout":"default","site-content-layout":"","ast-site-content-layout":"default","site-content-style":"default","site-sidebar-style":"default","ast-global-header-display":"","ast-banner-title-visibility":"","ast-main-header-display":"","ast-hfb-above-header-display":"","ast-hfb-below-header-display":"","ast-hfb-mobile-header-display":"","site-post-title":"","ast-breadcrumbs-content":"","ast-featured-img":"","footer-sml-layout":"","ast-disable-related-posts":"","theme-transparent-header-meta":"","adv-header-id-meta":"","stick-header-meta":"","header-above-stick-meta":"","header-main-stick-meta":"","header-below-stick-meta":"","astra-migrate-meta-layouts":"set","ast-page-background-enabled":"default","ast-page-background-meta":{"desktop":{"background-color":"var(--ast-global-color-4)","background-image":"","background-repeat":"repeat","background-position":"center center","background-size":"auto","background-attachment":"scroll","background-type":"","background-media":"","overlay-type":"","overlay-color":"","overlay-opacity":"","overlay-gradient":""},"tablet":{"background-color":"","background-image":"","background-repeat":"repeat","background-position":"center center","background-size":"auto","background-attachment":"scroll","background-type":"","background-media":"","overlay-type":"","overlay-color":"","overlay-opacity":"","overlay-gradient":""},"mobile":{"background-color":"","background-image":"","background-repeat":"repeat","background-position":"center center","background-size":"auto","background-attachment":"scroll","background-type":"","background-media":"","overlay-type":"","overlay-color":"","overlay-opacity":"","overlay-gradient":""}},"ast-content-background-meta":{"desktop":{"background-color":"var(--ast-global-color-5)","background-image":"","background-repeat":"repeat","background-position":"center center","background-size":"auto","background-attachment":"scroll","background-type":"","background-media":"","overlay-type":"","overlay-color":"","overlay-opacity":"","overlay-gradient":""},"tablet":{"background-color":"var(--ast-global-color-5)","background-image":"","background-repeat":"repeat","background-position":"center center","background-size":"auto","background-attachment":"scroll","background-type":"","background-media":"","overlay-type":"","overlay-color":"","overlay-opacity":"","overlay-gradient":""},"mobile":{"background-color":"var(--ast-global-color-5)","background-image":"","background-repeat":"repeat","background-position":"center center","background-size":"auto","background-attachment":"scroll","background-type":"","background-media":"","overlay-type":"","overlay-color":"","overlay-opacity":"","overlay-gradient":""}},"footnotes":""},"class_list":["post-2079","page","type-page","status-publish","hentry"],"_links":{"self":[{"href":"https:\/\/www.vekery.fi\/index.php?rest_route=\/wp\/v2\/pages\/2079","targetHints":{"allow":["GET"]}}],"collection":[{"href":"https:\/\/www.vekery.fi\/index.php?rest_route=\/wp\/v2\/pages"}],"about":[{"href":"https:\/\/www.vekery.fi\/index.php?rest_route=\/wp\/v2\/types\/page"}],"author":[{"embeddable":true,"href":"https:\/\/www.vekery.fi\/index.php?rest_route=\/wp\/v2\/users\/1"}],"replies":[{"embeddable":true,"href":"https:\/\/www.vekery.fi\/index.php?rest_route=%2Fwp%2Fv2%2Fcomments&post=2079"}],"version-history":[{"count":20,"href":"https:\/\/www.vekery.fi\/index.php?rest_route=\/wp\/v2\/pages\/2079\/revisions"}],"predecessor-version":[{"id":2409,"href":"https:\/\/www.vekery.fi\/index.php?rest_route=\/wp\/v2\/pages\/2079\/revisions\/2409"}],"wp:attachment":[{"href":"https:\/\/www.vekery.fi\/index.php?rest_route=%2Fwp%2Fv2%2Fmedia&parent=2079"}],"curies":[{"name":"wp","href":"https:\/\/api.w.org\/{rel}","templated":true}]}}